{"id":21428,"date":"2023-04-10T13:45:41","date_gmt":"2023-04-10T17:45:41","guid":{"rendered":"https:\/\/pluscomply.com\/?page_id=21428"},"modified":"2023-04-10T13:49:15","modified_gmt":"2023-04-10T17:49:15","slug":"anticorrupcion-antisoborno-3","status":"publish","type":"page","link":"https:\/\/pluscomply.com\/?page_id=21428","title":{"rendered":"Anticorrupci\u00f3n \/ Antisoborno"},"content":{"rendered":"<p>[et_pb_section fb_built=&#8221;1&#8243; theme_builder_area=&#8221;post_content&#8221; _builder_version=&#8221;4.19.5&#8243; _module_preset=&#8221;default&#8221;][et_pb_row _builder_version=&#8221;4.19.5&#8243; _module_preset=&#8221;default&#8221; theme_builder_area=&#8221;post_content&#8221;][et_pb_column _builder_version=&#8221;4.19.5&#8243; _module_preset=&#8221;default&#8221; type=&#8221;4_4&#8243; theme_builder_area=&#8221;post_content&#8221;][et_pb_code _builder_version=&#8221;4.19.5&#8243; _module_preset=&#8221;default&#8221; theme_builder_area=&#8221;post_content&#8221; hover_enabled=&#8221;0&#8243; sticky_enabled=&#8221;0&#8243;]<div id=\"ld-course-list-content-09a770cc52c0bf6953e3539f9c88ee59\" class=\"ld-course-list-content\" data-shortcode-atts=\"{&quot;course_cat&quot;:&quot;450&quot;}\">\n\t\t\t<div class=\"ld-course-list-items row\">\n\t<!-- LearnDash Course Grid v1 --><div class=\"ld_course_grid col-sm-8 col-md-4 \">\n\t<article id=\"post-18674\" class=\" thumbnail course post-18674 sfwd-courses type-sfwd-courses status-publish has-post-thumbnail hentry ld_course_category-anticorrupcion-antisoborno ld_course_category-cumplimiento-ald-cft\">\n\t\t\t\t\t\n\t\t\t\t\t\t<a href=\"https:\/\/pluscomply.com\/?sfwd-courses=politica-conozca-a-su-empleado\" rel=\"bookmark\">\n\t\t\t\t<img loading=\"lazy\" decoding=\"async\" width=\"300\" height=\"138\" src=\"https:\/\/pluscomply.com\/wp-content\/uploads\/2023\/04\/Politica-Conozca-a-su-Empleado-300x138.jpg\" class=\"attachment-medium size-medium wp-post-image\" alt=\"\" \/>\t\t\t<\/a>\n\t\t\t\t\t\n\t\t\t\t\t<div class=\"caption\">\n\t\t\t\t<h3 class=\"entry-title\">Pol\u00edtica Conozca a su Empleado<\/h3>\n\t\t\t\t\t\t\t\t<div class=\"ld_course_grid_button\"><a class=\"btn btn-primary\" role=\"button\" href=\"https:\/\/pluscomply.com\/?sfwd-courses=politica-conozca-a-su-empleado\" rel=\"bookmark\">Ver m\u00e1s<\/a><\/div>\n\t\t\t\t\t\t\t<\/div><!-- .entry-header -->\n\t\t\t<\/article><!-- #post-## -->\n<\/div><!-- .ld_course_grid -->\n<!-- LearnDash Course Grid v1 --><div class=\"ld_course_grid col-sm-8 col-md-4 \">\n\t<article id=\"post-18121\" class=\" thumbnail course post-18121 sfwd-courses type-sfwd-courses status-publish has-post-thumbnail hentry ld_course_category-anticorrupcion-antisoborno ld_course_category-cumplimiento-ald-cft\">\n\t\t\t\t\t\n\t\t\t\t\t\t<a href=\"https:\/\/pluscomply.com\/?sfwd-courses=cumplimiento-personas-expuestas-politicamente-peps\" rel=\"bookmark\">\n\t\t\t\t<img loading=\"lazy\" decoding=\"async\" width=\"300\" height=\"138\" src=\"https:\/\/pluscomply.com\/wp-content\/uploads\/2023\/04\/Fortaleciendo-el-Cumplimiento-Asociado-a-las-PEPs-1-300x138.jpg\" class=\"attachment-medium size-medium wp-post-image\" alt=\"\" \/>\t\t\t<\/a>\n\t\t\t\t\t\n\t\t\t\t\t<div class=\"caption\">\n\t\t\t\t<h3 class=\"entry-title\">Fortaleciendo el Cumplimiento Asociado a las Personas Expuestas Pol\u00edticamente<\/h3>\n\t\t\t\t\t\t\t\t<div class=\"ld_course_grid_button\"><a class=\"btn btn-primary\" role=\"button\" href=\"https:\/\/pluscomply.com\/?sfwd-courses=cumplimiento-personas-expuestas-politicamente-peps\" rel=\"bookmark\">Ver m\u00e1s<\/a><\/div>\n\t\t\t\t\t\t\t<\/div><!-- .entry-header -->\n\t\t\t<\/article><!-- #post-## -->\n<\/div><!-- .ld_course_grid -->\n<!-- LearnDash Course Grid v1 --><div class=\"ld_course_grid col-sm-8 col-md-4 \">\n\t<article id=\"post-18049\" class=\" thumbnail course post-18049 sfwd-courses type-sfwd-courses status-publish has-post-thumbnail hentry ld_course_category-anticorrupcion-antisoborno ld_course_category-auditoria-interna-externa ld_course_category-criptoactivos-monedas-virtuales ld_course_category-cumplimiento-ald-cft ld_course_category-gestion-de-riesgos ld_course_category-sanciones-listas-negras\">\n\t\t\t\t\t\n\t\t\t\t\t\t<a href=\"https:\/\/pluscomply.com\/?sfwd-courses=estandares-internacionales-lavado-activos-financiamiento-terrorismo-padm\" rel=\"bookmark\">\n\t\t\t\t<img loading=\"lazy\" decoding=\"async\" width=\"300\" height=\"138\" src=\"https:\/\/pluscomply.com\/wp-content\/uploads\/2023\/04\/Estandares-Internacionales-Sobre-la-Lucha-Contra-el-Lavado-de-Activos-300x138.jpg\" class=\"attachment-medium size-medium wp-post-image\" alt=\"\" \/>\t\t\t<\/a>\n\t\t\t\t\t\n\t\t\t\t\t<div class=\"caption\">\n\t\t\t\t<h3 class=\"entry-title\">Est\u00e1ndares Internacionales Sobre la Lucha Contra el Lavado de Activos, el Financiamiento del Terrorismo y la PADM<\/h3>\n\t\t\t\t\t\t\t\t<div class=\"ld_course_grid_button\"><a class=\"btn btn-primary\" role=\"button\" href=\"https:\/\/pluscomply.com\/?sfwd-courses=estandares-internacionales-lavado-activos-financiamiento-terrorismo-padm\" rel=\"bookmark\">Ver m\u00e1s<\/a><\/div>\n\t\t\t\t\t\t\t<\/div><!-- .entry-header -->\n\t\t\t<\/article><!-- #post-## -->\n<\/div><!-- .ld_course_grid -->\n<!-- LearnDash Course Grid v1 --><div class=\"ld_course_grid col-sm-8 col-md-4 \">\n\t<article id=\"post-17945\" class=\" thumbnail course post-17945 sfwd-courses type-sfwd-courses status-publish has-post-thumbnail hentry ld_course_category-anticorrupcion-antisoborno ld_course_category-cumplimiento-ald-cft ld_course_category-etica-y-gobierno-corporativo ld_course_category-junta-directiva-y-gerentes\">\n\t\t\t\t\t\n\t\t\t\t\t\t<a href=\"https:\/\/pluscomply.com\/?sfwd-courses=gobierno-corporativo-etica-cultura-cumplimiento\" rel=\"bookmark\">\n\t\t\t\t<img loading=\"lazy\" decoding=\"async\" width=\"300\" height=\"138\" src=\"https:\/\/pluscomply.com\/wp-content\/uploads\/2023\/04\/Gobierno-Corporativo-Etica-y-Cultura-de-Cumplimiento-300x138.jpg\" class=\"attachment-medium size-medium wp-post-image\" alt=\"\" \/>\t\t\t<\/a>\n\t\t\t\t\t\n\t\t\t\t\t<div class=\"caption\">\n\t\t\t\t<h3 class=\"entry-title\">Gobierno Corporativo, \u00c9tica y Cultura de Cumplimiento<\/h3>\n\t\t\t\t\t\t\t\t<div class=\"ld_course_grid_button\"><a class=\"btn btn-primary\" role=\"button\" href=\"https:\/\/pluscomply.com\/?sfwd-courses=gobierno-corporativo-etica-cultura-cumplimiento\" rel=\"bookmark\">Ver m\u00e1s<\/a><\/div>\n\t\t\t\t\t\t\t<\/div><!-- .entry-header -->\n\t\t\t<\/article><!-- #post-## -->\n<\/div><!-- .ld_course_grid -->\n<!-- LearnDash Course Grid v1 --><div class=\"ld_course_grid col-sm-8 col-md-4 \">\n\t<article id=\"post-17811\" class=\" thumbnail course post-17811 sfwd-courses type-sfwd-courses status-publish has-post-thumbnail hentry ld_course_category-anticorrupcion-antisoborno ld_course_category-cumplimiento-ald-cft\">\n\t\t\t\t\t\n\t\t\t\t\t\t<a href=\"https:\/\/pluscomply.com\/?sfwd-courses=relacion-corrupcion-lavado-monitoreo-peps\" rel=\"bookmark\">\n\t\t\t\t<img loading=\"lazy\" decoding=\"async\" width=\"300\" height=\"138\" src=\"https:\/\/pluscomply.com\/wp-content\/uploads\/2023\/04\/Entendiendo-la-Relacion-Entre-Corrupcion-y-Lavado-300x138.jpg\" class=\"attachment-medium size-medium wp-post-image\" alt=\"\" \/>\t\t\t<\/a>\n\t\t\t\t\t\n\t\t\t\t\t<div class=\"caption\">\n\t\t\t\t<h3 class=\"entry-title\">Entendiendo la Relaci\u00f3n Entre Corrupci\u00f3n y Lavado Para un Monitoreo Efectivo de PEPs<\/h3>\n\t\t\t\t\t\t\t\t<div class=\"ld_course_grid_button\"><a class=\"btn btn-primary\" role=\"button\" href=\"https:\/\/pluscomply.com\/?sfwd-courses=relacion-corrupcion-lavado-monitoreo-peps\" rel=\"bookmark\">Ver m\u00e1s<\/a><\/div>\n\t\t\t\t\t\t\t<\/div><!-- .entry-header -->\n\t\t\t<\/article><!-- #post-## -->\n<\/div><!-- .ld_course_grid -->\n<!-- LearnDash Course Grid v1 --><div class=\"ld_course_grid col-sm-8 col-md-4 \">\n\t<article id=\"post-17390\" class=\" thumbnail course post-17390 sfwd-courses type-sfwd-courses status-publish has-post-thumbnail hentry ld_course_category-anticorrupcion-antisoborno ld_course_category-cumplimiento-ald-cft\">\n\t\t\t\t\t\n\t\t\t\t\t\t<a href=\"https:\/\/pluscomply.com\/?sfwd-courses=debida-diligencia-de-clientes-de-alto-riesgo-y-pasos-para-conocer-al-beneficiario-final\" rel=\"bookmark\">\n\t\t\t\t<img loading=\"lazy\" decoding=\"async\" width=\"300\" height=\"138\" src=\"https:\/\/pluscomply.com\/wp-content\/uploads\/2023\/04\/Debida-Diligencia-de-Clientes-de-Alto-Riesgo-y-Pasos-Para-Conocer-al-Beneficiario-300x138.jpg\" class=\"attachment-medium size-medium wp-post-image\" alt=\"\" \/>\t\t\t<\/a>\n\t\t\t\t\t\n\t\t\t\t\t<div class=\"caption\">\n\t\t\t\t<h3 class=\"entry-title\">Debida Diligencia de Clientes (de Alto Riesgo) y Pasos Para Conocer al Beneficiario Final<\/h3>\n\t\t\t\t\t\t\t\t<div class=\"ld_course_grid_button\"><a class=\"btn btn-primary\" role=\"button\" href=\"https:\/\/pluscomply.com\/?sfwd-courses=debida-diligencia-de-clientes-de-alto-riesgo-y-pasos-para-conocer-al-beneficiario-final\" rel=\"bookmark\">Ver m\u00e1s<\/a><\/div>\n\t\t\t\t\t\t\t<\/div><!-- .entry-header -->\n\t\t\t<\/article><!-- #post-## -->\n<\/div><!-- .ld_course_grid -->\n<!-- LearnDash Course Grid v1 --><div class=\"ld_course_grid col-sm-8 col-md-4 \">\n\t<article id=\"post-17351\" class=\" thumbnail course post-17351 sfwd-courses type-sfwd-courses status-publish has-post-thumbnail hentry ld_course_category-anticorrupcion-antisoborno ld_course_category-cumplimiento-ald-cft\">\n\t\t\t\t\t\n\t\t\t\t\t\t<a href=\"https:\/\/pluscomply.com\/?sfwd-courses=consideraciones-para-fortalecer-el-cumplimiento-anticorrupcion\" rel=\"bookmark\">\n\t\t\t\t<img loading=\"lazy\" decoding=\"async\" width=\"300\" height=\"138\" src=\"https:\/\/pluscomply.com\/wp-content\/uploads\/2023\/04\/Consideraciones-Para-Fortalecer-el-Cumplimiento-Anticorrupcion-300x138.jpg\" class=\"attachment-medium size-medium wp-post-image\" alt=\"\" \/>\t\t\t<\/a>\n\t\t\t\t\t\n\t\t\t\t\t<div class=\"caption\">\n\t\t\t\t<h3 class=\"entry-title\">Consideraciones Para Fortalecer el Cumplimiento Anticorrupci\u00f3n<\/h3>\n\t\t\t\t\t\t\t\t<div class=\"ld_course_grid_button\"><a class=\"btn btn-primary\" role=\"button\" href=\"https:\/\/pluscomply.com\/?sfwd-courses=consideraciones-para-fortalecer-el-cumplimiento-anticorrupcion\" rel=\"bookmark\">Ver m\u00e1s<\/a><\/div>\n\t\t\t\t\t\t\t<\/div><!-- .entry-header -->\n\t\t\t<\/article><!-- #post-## -->\n<\/div><!-- .ld_course_grid -->\n\t<\/div>\n\t\t\t<\/div>\n\t\t[\/et_pb_code][\/et_pb_column][\/et_pb_row][\/et_pb_section]<\/p>\n","protected":false},"excerpt":{"rendered":"<div id=\"ld-course-list-content-09a770cc52c0bf6953e3539f9c88ee59\" class=\"ld-course-list-content\" data-shortcode-atts=\"{&quot;course_cat&quot;:&quot;450&quot;}\">\n\t\t\t<div class=\"ld-course-list-items row\">\n\t<!-- LearnDash Course Grid v1 --><div class=\"ld_course_grid col-sm-8 col-md-4 \">\n\t<article id=\"post-18674\" class=\" thumbnail course post-18674 sfwd-courses type-sfwd-courses status-publish has-post-thumbnail hentry ld_course_category-anticorrupcion-antisoborno ld_course_category-cumplimiento-ald-cft\">\n\t\t\t\t\t\n\t\t\t\t\t\t<a href=\"https:\/\/pluscomply.com\/?sfwd-courses=politica-conozca-a-su-empleado\" rel=\"bookmark\">\n\t\t\t\t<img width=\"300\" height=\"138\" src=\"https:\/\/pluscomply.com\/wp-content\/uploads\/2023\/04\/Politica-Conozca-a-su-Empleado-300x138.jpg\" class=\"attachment-medium size-medium wp-post-image\" alt=\"\" decoding=\"async\" loading=\"lazy\" \/>\t\t\t<\/a>\n\t\t\t\t\t\n\t\t\t\t\t<div class=\"caption\">\n\t\t\t\t<h3 class=\"entry-title\">Pol\u00edtica Conozca a su Empleado<\/h3>\n\t\t\t\t\t\t\t\t<div class=\"ld_course_grid_button\"><a class=\"btn btn-primary\" role=\"button\" href=\"https:\/\/pluscomply.com\/?sfwd-courses=politica-conozca-a-su-empleado\" rel=\"bookmark\">Ver m\u00e1s<\/a><\/div>\n\t\t\t\t\t\t\t<\/div><!-- .entry-header -->\n\t\t\t<\/article><!-- #post-## -->\n<\/div><!-- .ld_course_grid -->\n<!-- LearnDash Course Grid v1 --><div class=\"ld_course_grid col-sm-8 col-md-4 \">\n\t<article id=\"post-18121\" class=\" thumbnail course post-18121 sfwd-courses type-sfwd-courses status-publish has-post-thumbnail hentry ld_course_category-anticorrupcion-antisoborno ld_course_category-cumplimiento-ald-cft\">\n\t\t\t\t\t\n\t\t\t\t\t\t<a href=\"https:\/\/pluscomply.com\/?sfwd-courses=cumplimiento-personas-expuestas-politicamente-peps\" rel=\"bookmark\">\n\t\t\t\t<img width=\"300\" height=\"138\" src=\"https:\/\/pluscomply.com\/wp-content\/uploads\/2023\/04\/Fortaleciendo-el-Cumplimiento-Asociado-a-las-PEPs-1-300x138.jpg\" class=\"attachment-medium size-medium wp-post-image\" alt=\"\" decoding=\"async\" loading=\"lazy\" \/>\t\t\t<\/a>\n\t\t\t\t\t\n\t\t\t\t\t<div class=\"caption\">\n\t\t\t\t<h3 class=\"entry-title\">Fortaleciendo el Cumplimiento Asociado a las Personas Expuestas Pol\u00edticamente<\/h3>\n\t\t\t\t\t\t\t\t<div class=\"ld_course_grid_button\"><a class=\"btn btn-primary\" role=\"button\" href=\"https:\/\/pluscomply.com\/?sfwd-courses=cumplimiento-personas-expuestas-politicamente-peps\" rel=\"bookmark\">Ver m\u00e1s<\/a><\/div>\n\t\t\t\t\t\t\t<\/div><!-- .entry-header -->\n\t\t\t<\/article><!-- #post-## -->\n<\/div><!-- .ld_course_grid -->\n<!-- LearnDash Course Grid v1 --><div class=\"ld_course_grid col-sm-8 col-md-4 \">\n\t<article id=\"post-18049\" class=\" thumbnail course post-18049 sfwd-courses type-sfwd-courses status-publish has-post-thumbnail hentry ld_course_category-anticorrupcion-antisoborno ld_course_category-auditoria-interna-externa ld_course_category-criptoactivos-monedas-virtuales ld_course_category-cumplimiento-ald-cft ld_course_category-gestion-de-riesgos ld_course_category-sanciones-listas-negras\">\n\t\t\t\t\t\n\t\t\t\t\t\t<a href=\"https:\/\/pluscomply.com\/?sfwd-courses=estandares-internacionales-lavado-activos-financiamiento-terrorismo-padm\" rel=\"bookmark\">\n\t\t\t\t<img width=\"300\" height=\"138\" src=\"https:\/\/pluscomply.com\/wp-content\/uploads\/2023\/04\/Estandares-Internacionales-Sobre-la-Lucha-Contra-el-Lavado-de-Activos-300x138.jpg\" class=\"attachment-medium size-medium wp-post-image\" alt=\"\" decoding=\"async\" loading=\"lazy\" \/>\t\t\t<\/a>\n\t\t\t\t\t\n\t\t\t\t\t<div class=\"caption\">\n\t\t\t\t<h3 class=\"entry-title\">Est\u00e1ndares Internacionales Sobre la Lucha Contra el Lavado de Activos, el Financiamiento del Terrorismo y la PADM<\/h3>\n\t\t\t\t\t\t\t\t<div class=\"ld_course_grid_button\"><a class=\"btn btn-primary\" role=\"button\" href=\"https:\/\/pluscomply.com\/?sfwd-courses=estandares-internacionales-lavado-activos-financiamiento-terrorismo-padm\" rel=\"bookmark\">Ver m\u00e1s<\/a><\/div>\n\t\t\t\t\t\t\t<\/div><!-- .entry-header -->\n\t\t\t<\/article><!-- #post-## -->\n<\/div><!-- .ld_course_grid -->\n<!-- LearnDash Course Grid v1 --><div class=\"ld_course_grid col-sm-8 col-md-4 \">\n\t<article id=\"post-17945\" class=\" thumbnail course post-17945 sfwd-courses type-sfwd-courses status-publish has-post-thumbnail hentry ld_course_category-anticorrupcion-antisoborno ld_course_category-cumplimiento-ald-cft ld_course_category-etica-y-gobierno-corporativo ld_course_category-junta-directiva-y-gerentes\">\n\t\t\t\t\t\n\t\t\t\t\t\t<a href=\"https:\/\/pluscomply.com\/?sfwd-courses=gobierno-corporativo-etica-cultura-cumplimiento\" rel=\"bookmark\">\n\t\t\t\t<img width=\"300\" height=\"138\" src=\"https:\/\/pluscomply.com\/wp-content\/uploads\/2023\/04\/Gobierno-Corporativo-Etica-y-Cultura-de-Cumplimiento-300x138.jpg\" class=\"attachment-medium size-medium wp-post-image\" alt=\"\" decoding=\"async\" loading=\"lazy\" \/>\t\t\t<\/a>\n\t\t\t\t\t\n\t\t\t\t\t<div class=\"caption\">\n\t\t\t\t<h3 class=\"entry-title\">Gobierno Corporativo, \u00c9tica y Cultura de Cumplimiento<\/h3>\n\t\t\t\t\t\t\t\t<div class=\"ld_course_grid_button\"><a class=\"btn btn-primary\" role=\"button\" href=\"https:\/\/pluscomply.com\/?sfwd-courses=gobierno-corporativo-etica-cultura-cumplimiento\" rel=\"bookmark\">Ver m\u00e1s<\/a><\/div>\n\t\t\t\t\t\t\t<\/div><!-- .entry-header -->\n\t\t\t<\/article><!-- #post-## -->\n<\/div><!-- .ld_course_grid -->\n<!-- LearnDash Course Grid v1 --><div class=\"ld_course_grid col-sm-8 col-md-4 \">\n\t<article id=\"post-17811\" class=\" thumbnail course post-17811 sfwd-courses type-sfwd-courses status-publish has-post-thumbnail hentry ld_course_category-anticorrupcion-antisoborno ld_course_category-cumplimiento-ald-cft\">\n\t\t\t\t\t\n\t\t\t\t\t\t<a href=\"https:\/\/pluscomply.com\/?sfwd-courses=relacion-corrupcion-lavado-monitoreo-peps\" rel=\"bookmark\">\n\t\t\t\t<img width=\"300\" height=\"138\" src=\"https:\/\/pluscomply.com\/wp-content\/uploads\/2023\/04\/Entendiendo-la-Relacion-Entre-Corrupcion-y-Lavado-300x138.jpg\" class=\"attachment-medium size-medium wp-post-image\" alt=\"\" decoding=\"async\" loading=\"lazy\" \/>\t\t\t<\/a>\n\t\t\t\t\t\n\t\t\t\t\t<div class=\"caption\">\n\t\t\t\t<h3 class=\"entry-title\">Entendiendo la Relaci\u00f3n Entre Corrupci\u00f3n y Lavado Para un Monitoreo Efectivo de PEPs<\/h3>\n\t\t\t\t\t\t\t\t<div class=\"ld_course_grid_button\"><a class=\"btn btn-primary\" role=\"button\" href=\"https:\/\/pluscomply.com\/?sfwd-courses=relacion-corrupcion-lavado-monitoreo-peps\" rel=\"bookmark\">Ver m\u00e1s<\/a><\/div>\n\t\t\t\t\t\t\t<\/div><!-- .entry-header -->\n\t\t\t<\/article><!-- #post-## -->\n<\/div><!-- .ld_course_grid -->\n<!-- LearnDash Course Grid v1 --><div class=\"ld_course_grid col-sm-8 col-md-4 \">\n\t<article id=\"post-17390\" class=\" thumbnail course post-17390 sfwd-courses type-sfwd-courses status-publish has-post-thumbnail hentry ld_course_category-anticorrupcion-antisoborno ld_course_category-cumplimiento-ald-cft\">\n\t\t\t\t\t\n\t\t\t\t\t\t<a href=\"https:\/\/pluscomply.com\/?sfwd-courses=debida-diligencia-de-clientes-de-alto-riesgo-y-pasos-para-conocer-al-beneficiario-final\" rel=\"bookmark\">\n\t\t\t\t<img width=\"300\" height=\"138\" src=\"https:\/\/pluscomply.com\/wp-content\/uploads\/2023\/04\/Debida-Diligencia-de-Clientes-de-Alto-Riesgo-y-Pasos-Para-Conocer-al-Beneficiario-300x138.jpg\" class=\"attachment-medium size-medium wp-post-image\" alt=\"\" decoding=\"async\" loading=\"lazy\" \/>\t\t\t<\/a>\n\t\t\t\t\t\n\t\t\t\t\t<div class=\"caption\">\n\t\t\t\t<h3 class=\"entry-title\">Debida Diligencia de Clientes (de Alto Riesgo) y Pasos Para Conocer al Beneficiario Final<\/h3>\n\t\t\t\t\t\t\t\t<div class=\"ld_course_grid_button\"><a class=\"btn btn-primary\" role=\"button\" href=\"https:\/\/pluscomply.com\/?sfwd-courses=debida-diligencia-de-clientes-de-alto-riesgo-y-pasos-para-conocer-al-beneficiario-final\" rel=\"bookmark\">Ver m\u00e1s<\/a><\/div>\n\t\t\t\t\t\t\t<\/div><!-- .entry-header -->\n\t\t\t<\/article><!-- #post-## -->\n<\/div><!-- .ld_course_grid -->\n<!-- LearnDash Course Grid v1 --><div class=\"ld_course_grid col-sm-8 col-md-4 \">\n\t<article id=\"post-17351\" class=\" thumbnail course post-17351 sfwd-courses type-sfwd-courses status-publish has-post-thumbnail hentry ld_course_category-anticorrupcion-antisoborno ld_course_category-cumplimiento-ald-cft\">\n\t\t\t\t\t\n\t\t\t\t\t\t<a href=\"https:\/\/pluscomply.com\/?sfwd-courses=consideraciones-para-fortalecer-el-cumplimiento-anticorrupcion\" rel=\"bookmark\">\n\t\t\t\t<img width=\"300\" height=\"138\" src=\"https:\/\/pluscomply.com\/wp-content\/uploads\/2023\/04\/Consideraciones-Para-Fortalecer-el-Cumplimiento-Anticorrupcion-300x138.jpg\" class=\"attachment-medium size-medium wp-post-image\" alt=\"\" decoding=\"async\" loading=\"lazy\" \/>\t\t\t<\/a>\n\t\t\t\t\t\n\t\t\t\t\t<div class=\"caption\">\n\t\t\t\t<h3 class=\"entry-title\">Consideraciones Para Fortalecer el Cumplimiento Anticorrupci\u00f3n<\/h3>\n\t\t\t\t\t\t\t\t<div class=\"ld_course_grid_button\"><a class=\"btn btn-primary\" role=\"button\" href=\"https:\/\/pluscomply.com\/?sfwd-courses=consideraciones-para-fortalecer-el-cumplimiento-anticorrupcion\" rel=\"bookmark\">Ver m\u00e1s<\/a><\/div>\n\t\t\t\t\t\t\t<\/div><!-- .entry-header -->\n\t\t\t<\/article><!-- #post-## -->\n<\/div><!-- .ld_course_grid -->\n\t<\/div>\n\t\t\t<\/div>\n\t\t\n","protected":false},"author":6509,"featured_media":0,"parent":0,"menu_order":0,"comment_status":"closed","ping_status":"closed","template":"","meta":{"_et_pb_use_builder":"on","_et_pb_old_content":"","_et_gb_content_width":"","footnotes":""},"ams_acf":[],"yoast_head":"<!-- This site is optimized with the Yoast SEO plugin v20.0 - https:\/\/yoast.com\/wordpress\/plugins\/seo\/ -->\n<title>Anticorrupci\u00f3n \/ Antisoborno | Plus Comply<\/title>\n<meta name=\"description\" content=\"El equipo de Plus Comply puede ayudarte a implementar en s\u00f3lo d\u00edas un programa de formaci\u00f3n virtual para todo el personal, sin importar su ubicaci\u00f3n, sin invertir en desarrollo y con el soporte individualizado en espa\u00f1ol.\" \/>\n<meta name=\"robots\" content=\"index, follow, max-snippet:-1, max-image-preview:large, max-video-preview:-1\" \/>\n<link rel=\"canonical\" href=\"https:\/\/pluscomply.com\/?page_id=21428\" \/>\n<meta property=\"og:locale\" content=\"es_ES\" \/>\n<meta property=\"og:type\" content=\"article\" \/>\n<meta property=\"og:title\" content=\"Anticorrupci\u00f3n \/ Antisoborno | Plus Comply\" \/>\n<meta property=\"og:description\" content=\"El equipo de Plus Comply puede ayudarte a implementar en s\u00f3lo d\u00edas un programa de formaci\u00f3n virtual para todo el personal, sin importar su ubicaci\u00f3n, sin invertir en desarrollo y con el soporte individualizado en espa\u00f1ol.\" \/>\n<meta property=\"og:url\" content=\"https:\/\/pluscomply.com\/?page_id=21428\" \/>\n<meta property=\"og:site_name\" content=\"Plus Comply\" \/>\n<meta property=\"article:publisher\" content=\"https:\/\/www.facebook.com\/pluscomplylive\" \/>\n<meta property=\"article:modified_time\" content=\"2023-04-10T17:49:15+00:00\" \/>\n<meta name=\"twitter:card\" content=\"summary_large_image\" \/>\n<meta name=\"twitter:site\" content=\"@pluscomplylive\" \/>\n<script type=\"application\/ld+json\" class=\"yoast-schema-graph\">{\"@context\":\"https:\/\/schema.org\",\"@graph\":[{\"@type\":\"WebPage\",\"@id\":\"https:\/\/pluscomply.com\/?page_id=21428\",\"url\":\"https:\/\/pluscomply.com\/?page_id=21428\",\"name\":\"Anticorrupci\u00f3n \/ Antisoborno | Plus Comply\",\"isPartOf\":{\"@id\":\"https:\/\/pluscomply.com\/#website\"},\"datePublished\":\"2023-04-10T17:45:41+00:00\",\"dateModified\":\"2023-04-10T17:49:15+00:00\",\"description\":\"El equipo de Plus Comply puede ayudarte a implementar en s\u00f3lo d\u00edas un programa de formaci\u00f3n virtual para todo el personal, sin importar su ubicaci\u00f3n, sin invertir en desarrollo y con el soporte individualizado en espa\u00f1ol.\",\"breadcrumb\":{\"@id\":\"https:\/\/pluscomply.com\/?page_id=21428#breadcrumb\"},\"inLanguage\":\"es\",\"potentialAction\":[{\"@type\":\"ReadAction\",\"target\":[\"https:\/\/pluscomply.com\/?page_id=21428\"]}]},{\"@type\":\"BreadcrumbList\",\"@id\":\"https:\/\/pluscomply.com\/?page_id=21428#breadcrumb\",\"itemListElement\":[{\"@type\":\"ListItem\",\"position\":1,\"name\":\"Portada\",\"item\":\"https:\/\/pluscomply.com\/\"},{\"@type\":\"ListItem\",\"position\":2,\"name\":\"Anticorrupci\u00f3n \/ Antisoborno\"}]},{\"@type\":\"WebSite\",\"@id\":\"https:\/\/pluscomply.com\/#website\",\"url\":\"https:\/\/pluscomply.com\/\",\"name\":\"Plus Comply\",\"description\":\"Capacitaci\u00f3n y Servicios en Compliance\",\"potentialAction\":[{\"@type\":\"SearchAction\",\"target\":{\"@type\":\"EntryPoint\",\"urlTemplate\":\"https:\/\/pluscomply.com\/?s={search_term_string}\"},\"query-input\":\"required name=search_term_string\"}],\"inLanguage\":\"es\"}]}<\/script>\n<!-- \/ Yoast SEO plugin. -->","yoast_head_json":{"title":"Anticorrupci\u00f3n \/ Antisoborno | Plus Comply","description":"El equipo de Plus Comply puede ayudarte a implementar en s\u00f3lo d\u00edas un programa de formaci\u00f3n virtual para todo el personal, sin importar su ubicaci\u00f3n, sin invertir en desarrollo y con el soporte individualizado en espa\u00f1ol.","robots":{"index":"index","follow":"follow","max-snippet":"max-snippet:-1","max-image-preview":"max-image-preview:large","max-video-preview":"max-video-preview:-1"},"canonical":"https:\/\/pluscomply.com\/?page_id=21428","og_locale":"es_ES","og_type":"article","og_title":"Anticorrupci\u00f3n \/ Antisoborno | Plus Comply","og_description":"El equipo de Plus Comply puede ayudarte a implementar en s\u00f3lo d\u00edas un programa de formaci\u00f3n virtual para todo el personal, sin importar su ubicaci\u00f3n, sin invertir en desarrollo y con el soporte individualizado en espa\u00f1ol.","og_url":"https:\/\/pluscomply.com\/?page_id=21428","og_site_name":"Plus Comply","article_publisher":"https:\/\/www.facebook.com\/pluscomplylive","article_modified_time":"2023-04-10T17:49:15+00:00","twitter_card":"summary_large_image","twitter_site":"@pluscomplylive","schema":{"@context":"https:\/\/schema.org","@graph":[{"@type":"WebPage","@id":"https:\/\/pluscomply.com\/?page_id=21428","url":"https:\/\/pluscomply.com\/?page_id=21428","name":"Anticorrupci\u00f3n \/ Antisoborno | Plus Comply","isPartOf":{"@id":"https:\/\/pluscomply.com\/#website"},"datePublished":"2023-04-10T17:45:41+00:00","dateModified":"2023-04-10T17:49:15+00:00","description":"El equipo de Plus Comply puede ayudarte a implementar en s\u00f3lo d\u00edas un programa de formaci\u00f3n virtual para todo el personal, sin importar su ubicaci\u00f3n, sin invertir en desarrollo y con el soporte individualizado en espa\u00f1ol.","breadcrumb":{"@id":"https:\/\/pluscomply.com\/?page_id=21428#breadcrumb"},"inLanguage":"es","potentialAction":[{"@type":"ReadAction","target":["https:\/\/pluscomply.com\/?page_id=21428"]}]},{"@type":"BreadcrumbList","@id":"https:\/\/pluscomply.com\/?page_id=21428#breadcrumb","itemListElement":[{"@type":"ListItem","position":1,"name":"Portada","item":"https:\/\/pluscomply.com\/"},{"@type":"ListItem","position":2,"name":"Anticorrupci\u00f3n \/ Antisoborno"}]},{"@type":"WebSite","@id":"https:\/\/pluscomply.com\/#website","url":"https:\/\/pluscomply.com\/","name":"Plus Comply","description":"Capacitaci\u00f3n y Servicios en Compliance","potentialAction":[{"@type":"SearchAction","target":{"@type":"EntryPoint","urlTemplate":"https:\/\/pluscomply.com\/?s={search_term_string}"},"query-input":"required name=search_term_string"}],"inLanguage":"es"}]}},"_links":{"self":[{"href":"https:\/\/pluscomply.com\/index.php?rest_route=\/wp\/v2\/pages\/21428"}],"collection":[{"href":"https:\/\/pluscomply.com\/index.php?rest_route=\/wp\/v2\/pages"}],"about":[{"href":"https:\/\/pluscomply.com\/index.php?rest_route=\/wp\/v2\/types\/page"}],"author":[{"embeddable":true,"href":"https:\/\/pluscomply.com\/index.php?rest_route=\/wp\/v2\/users\/6509"}],"replies":[{"embeddable":true,"href":"https:\/\/pluscomply.com\/index.php?rest_route=%2Fwp%2Fv2%2Fcomments&post=21428"}],"version-history":[{"count":2,"href":"https:\/\/pluscomply.com\/index.php?rest_route=\/wp\/v2\/pages\/21428\/revisions"}],"predecessor-version":[{"id":21430,"href":"https:\/\/pluscomply.com\/index.php?rest_route=\/wp\/v2\/pages\/21428\/revisions\/21430"}],"wp:attachment":[{"href":"https:\/\/pluscomply.com\/index.php?rest_route=%2Fwp%2Fv2%2Fmedia&parent=21428"}],"curies":[{"name":"wp","href":"https:\/\/api.w.org\/{rel}","templated":true}]}}